{"id":1746,"date":"2020-09-23T10:54:14","date_gmt":"2020-09-23T16:54:14","guid":{"rendered":"https:\/\/laserst.net\/sitio\/?post_type=product&#038;p=1746"},"modified":"2021-12-09T13:05:32","modified_gmt":"2021-12-09T19:05:32","slug":"xerox-wc3655","status":"publish","type":"product","link":"https:\/\/laserst.net\/sitio\/catalogo\/xerox-wc3655\/","title":{"rendered":"XEROX WC3655"},"content":{"rendered":"<p>[et_pb_section fb_built=\u00bb1&#8243; fullwidth=\u00bbon\u00bb admin_label=\u00bbHero Section\u00bb _builder_version=\u00bb3.22&#8243; background_color=\u00bb#101535&#8243; background_image=\u00bbhttps:\/\/laserst.net\/sitio\/wp-content\/uploads\/2019\/10\/crypto-bg-02.png\u00bb parallax=\u00bbon\u00bb custom_margin=\u00bb|||\u00bb custom_padding=\u00bb|||\u00bb][et_pb_fullwidth_header title=\u00bbXerox WC3655&#8243; text_orientation=\u00bbcenter\u00bb button_one_url=\u00bbhttps:\/\/wa.me\/p\/3351080731623864\/50242458596&#8243; button_two_url=\u00bbhttps:\/\/wa.me\/p\/3351080731623864\/50242458596&#8243; button_one_text_last_edited=\u00bboff|desktop\u00bb _builder_version=\u00bb4.5.7&#8243; title_font=\u00bbTitillium Web||||||||\u00bb title_font_size=\u00bb66px\u00bb title_line_height=\u00bb1.5em\u00bb content_font=\u00bb||||||||\u00bb content_font_size=\u00bb18px\u00bb content_line_height=\u00bb2em\u00bb background_color=\u00bbrgba(0,0,0,0)\u00bb use_background_color_gradient=\u00bbon\u00bb background_color_gradient_start=\u00bbrgba(16,21,53,0)\u00bb background_color_gradient_end=\u00bb#101535&#8243; background_color_gradient_start_position=\u00bb50%\u00bb background_image=\u00bbhttps:\/\/laserst.net\/sitio\/wp-content\/uploads\/2019\/10\/Crypto_Illustration_07-1.png\u00bb background_position=\u00bbbottom_center\u00bb custom_button_one=\u00bbon\u00bb button_one_text_size=\u00bb13px\u00bb button_one_bg_color=\u00bb#4328b7&#8243; button_one_border_width=\u00bb10px\u00bb button_one_border_color=\u00bb#4328b7&#8243; button_one_border_radius=\u00bb0px\u00bb button_one_letter_spacing=\u00bb2px\u00bb button_one_font=\u00bbTitillium Web|700||on|||||\u00bb custom_button_two=\u00bbon\u00bb button_two_text_size=\u00bb13px\u00bb button_two_text_color=\u00bb#4328b7&#8243; button_two_bg_color=\u00bb#ffffff\u00bb button_two_border_width=\u00bb10px\u00bb button_two_border_color=\u00bb#ffffff\u00bb button_two_border_radius=\u00bb0px\u00bb button_two_letter_spacing=\u00bb2px\u00bb button_two_font=\u00bbTitillium Web|700||on|||||\u00bb min_height=\u00bb1790px\u00bb custom_margin=\u00bb||-484px|||\u00bb custom_padding=\u00bb5vw||0vw||false|\u00bb animation_style=\u00bbslide\u00bb animation_direction=\u00bbbottom\u00bb animation_duration=\u00bb1500ms\u00bb animation_intensity_slide=\u00bb2%\u00bb title_font_size_tablet=\u00bb40px\u00bb title_font_size_phone=\u00bb\u00bb title_font_size_last_edited=\u00bbon|phone\u00bb content_font_size_tablet=\u00bb\u00bb content_font_size_phone=\u00bb15px\u00bb content_font_size_last_edited=\u00bbon|phone\u00bb button_one_letter_spacing_hover=\u00bb2px\u00bb button_two_letter_spacing_hover=\u00bb2px\u00bb button_one_text_size__hover_enabled=\u00bboff\u00bb button_two_text_size__hover_enabled=\u00bboff\u00bb button_one_text_color__hover_enabled=\u00bboff\u00bb button_two_text_color__hover_enabled=\u00bboff\u00bb button_one_border_width__hover_enabled=\u00bboff\u00bb button_two_border_width__hover_enabled=\u00bboff\u00bb button_one_border_color__hover_enabled=\u00bboff\u00bb button_two_border_color__hover_enabled=\u00bboff\u00bb button_one_border_radius__hover_enabled=\u00bboff\u00bb button_two_border_radius__hover_enabled=\u00bboff\u00bb button_one_letter_spacing__hover_enabled=\u00bbon\u00bb button_one_letter_spacing__hover=\u00bb2px\u00bb button_two_letter_spacing__hover_enabled=\u00bbon\u00bb button_two_letter_spacing__hover=\u00bb2px\u00bb button_one_bg_color__hover_enabled=\u00bboff\u00bb button_two_bg_color__hover_enabled=\u00bboff\u00bb button_one_text__hover_enabled=\u00bboff|desktop\u00bb]<\/p>\n<p><img loading=\"lazy\" decoding=\"async\" src=\"https:\/\/laserst.net\/sitio\/wp-content\/uploads\/2021\/11\/3655-1.png\" width=\"427\" height=\"414\" alt=\"\" class=\"wp-image-2212 alignnone size-full\" \/><\/p>\n<p style=\"text-align: left;\">CARACTERISTICAS<\/p>\n<ul>\n<li style=\"text-align: left;\"><strong>Fotocopiadora, Impresora, Esc\u00e1ner<\/strong><\/li>\n<li style=\"text-align: left;\"><strong>47 copias por minuto<\/strong><\/li>\n<li style=\"text-align: left;\"><strong>Ampliaciones y Reducciones<\/strong><\/li>\n<li style=\"text-align: left;\"><strong>Full D\u00faplex<\/strong><\/li>\n<li style=\"text-align: left;\"><strong>Pantalla T\u00e1ctil<\/strong><\/li>\n<li style=\"text-align: left;\"><strong>Impresi\u00f3n desde Memoria USB (formato PDF, JPG)<\/strong><\/li>\n<li style=\"text-align: left;\"><strong>Esc\u00e1ner hacia memoria USB<\/strong><\/li>\n<li style=\"text-align: left;\"><strong>Copia de DPI<\/strong><\/li>\n<li style=\"text-align: left;\"><strong>Bandeja Principal para 550 hojas<\/strong><\/li>\n<li style=\"text-align: left;\"><strong>Bandeja de Bypass para 150 hojas<\/strong><\/li>\n<li style=\"text-align: left;\"><strong>Conexi\u00f3n en Red y USB<\/strong><\/li>\n<li style=\"text-align: left;\"><strong>Control de Usuarios<\/strong><\/li>\n<li style=\"text-align: left;\"><strong>Cristal tama\u00f1o Legal<\/strong><\/li>\n<li style=\"text-align: left;\"><strong>Resoluci\u00f3n 1200 * 1200 ppp<\/strong><\/li>\n<\/ul>\n<p>&nbsp;<\/p>\n<p>[\/et_pb_fullwidth_header][\/et_pb_section][et_pb_section fb_built=\u00bb1&#8243; _builder_version=\u00bb3.22&#8243; background_color=\u00bb#101535&#8243; min_height=\u00bb1792px\u00bb custom_margin=\u00bb7px|||||\u00bb custom_padding=\u00bb||0px|||\u00bb][et_pb_row _builder_version=\u00bb4.5.7&#8243; custom_width_px=\u00bb1440px\u00bb][et_pb_column type=\u00bb4_4&#8243; _builder_version=\u00bb3.25&#8243; custom_padding=\u00bb|||\u00bb custom_padding__hover=\u00bb|||\u00bb][et_pb_gallery gallery_ids=\u00bb1756,1757,1758,1760&#8243; dbdb_version=\u00bb3.6.2&#8243; _builder_version=\u00bb4.5.7&#8243; _module_preset=\u00bbdefault\u00bb][\/et_pb_gallery][\/et_pb_column][\/et_pb_row][et_pb_row column_structure=\u00bb1_2,1_2&#8243; _builder_version=\u00bb4.5.7&#8243; _module_preset=\u00bbdefault\u00bb][et_pb_column type=\u00bb1_2&#8243; _builder_version=\u00bb4.5.7&#8243; _module_preset=\u00bbdefault\u00bb][et_pb_cta button_url=\u00bbhttps:\/\/wa.me\/p\/3351080731623864\/50242458596&#8243; _builder_version=\u00bb4.5.7&#8243; _module_preset=\u00bbdefault\u00bb background_color=\u00bb#053656&#8243; custom_margin=\u00bb||-40px|||\u00bb custom_padding=\u00bb||27px|||\u00bb link_option_url=\u00bbhttps:\/\/wa.me\/p\/3351080731623864\/50242458596&#8243;]<\/p>\n<h3 style=\"text-align: center;\"><span style=\"font-size: xx-large;\">WhatsApp<\/span><\/h3>\n<p>&nbsp;<\/p>\n<h3 style=\"text-align: center;\"><span style=\"font-size: xx-large;\">4245-8596<\/span><\/h3>\n<p>&nbsp;<\/p>\n<p><a href=\"https:\/\/wa.me\/p\/3351080731623864\/50242458596\"><img loading=\"lazy\" decoding=\"async\" class=\"wp-image-1617 alignnone size-medium\" src=\"https:\/\/laserst.net\/sitio\/wp-content\/uploads\/2020\/09\/whatsapp-01.jpg-500x441.png\" alt=\"\" width=\"145\" height=\"128\" \/><\/a><\/p>\n<p>[\/et_pb_cta][\/et_pb_column][et_pb_column type=\u00bb1_2&#8243; _builder_version=\u00bb4.5.7&#8243; _module_preset=\u00bbdefault\u00bb][et_pb_code _builder_version=\u00bb4.5.7&#8243; _module_preset=\u00bbdefault\u00bb background_color=\u00bb#053656&#8243; use_background_color_gradient=\u00bbon\u00bb background_color_gradient_start=\u00bb#053656&#8243; background_color_gradient_end=\u00bb#053656&#8243; background_enable_image=\u00bboff\u00bb min_height=\u00bb290px\u00bb custom_margin=\u00bb-3px||-56px|||\u00bb custom_padding=\u00bb||43px|||\u00bb animation_style=\u00bbfade\u00bb]<\/p>\n<h1 style=\"text-align: center;\"><strong><span style=\"color: white;\">\u00a1llama Ahora ! <\/span> <\/strong><\/h1>\n<p><!-- [et_pb_line_break_holder] --><!-- [et_pb_line_break_holder] --><!-- [et_pb_line_break_holder] --><\/p>\n<h1 style=\"text-align: center;\"><strong><span style=\"color: white;\">Tel: 2323-8909<\/span><\/strong><\/h1>\n<p><!-- [et_pb_line_break_holder] --><!-- [et_pb_line_break_holder] --><!-- [et_pb_line_break_holder] --><!-- [et_pb_line_break_holder] -->\u00a0<!-- [et_pb_line_break_holder] --><!-- [et_pb_line_break_holder] --><a href=\"tel:50223238909\"><img decoding=\"async\" src=\"https:\/\/laserst.net\/sitio\/wp-content\/uploads\/2020\/09\/ICONO-TEL.png\" \/><\/a><!-- [et_pb_line_break_holder] --><!-- [et_pb_line_break_holder] --><!-- [et_pb_line_break_holder] --><!-- [et_pb_line_break_holder] --><!-- [et_pb_line_break_holder] --><!-- [et_pb_line_break_holder] --><!-- [et_pb_line_break_holder] --><!-- [et_pb_line_break_holder] --><!-- [et_pb_line_break_holder] --><!-- [et_pb_line_break_holder] --><!-- [et_pb_line_break_holder] --><!-- [et_pb_line_break_holder] --><!-- [et_pb_line_break_holder] -->[\/et_pb_code][\/et_pb_column][\/et_pb_row][\/et_pb_section]<\/p>\n","protected":false},"excerpt":{"rendered":"<p>CARACTERISTICAS Fotocopiadora, Impresora, Esc\u00e1ner 47 copias por minuto Ampliaciones y Reducciones Full D\u00faplex Pantalla T\u00e1ctil Impresi\u00f3n desde Memoria USB (formato PDF, JPG) Esc\u00e1ner hacia memoria USB Copia de DPI Bandeja Principal para 550 hojas Bandeja de Bypass para 150 hojas Conexi\u00f3n en Red y USB Control de Usuarios Cristal tama\u00f1o Legal Resoluci\u00f3n 1200 * 1200 [&hellip;]<\/p>\n","protected":false},"featured_media":2212,"comment_status":"open","ping_status":"closed","template":"","meta":{"_et_pb_use_builder":"on","_et_pb_old_content":"","_et_gb_content_width":""},"product_brand":[],"product_cat":[30],"product_tag":[],"class_list":{"0":"post-1746","1":"product","2":"type-product","3":"status-publish","4":"has-post-thumbnail","6":"product_cat-equipos","8":"first","9":"instock","10":"shipping-taxable","11":"product-type-simple"},"yoast_head":"<!-- This site is optimized with the Yoast SEO plugin v27.5 - https:\/\/yoast.com\/product\/yoast-seo-wordpress\/ -->\n<title>XEROX WC3655 - Venta de fotocopiadoras, impresoras y multifuncionales en Guatemala, toners y servicio t\u00e9cnico.<\/title>\n<meta name=\"robots\" content=\"index, follow, max-snippet:-1, max-image-preview:large, max-video-preview:-1\" \/>\n<link rel=\"canonical\" href=\"https:\/\/laserst.net\/sitio\/catalogo\/xerox-wc3655\/\" \/>\n<meta property=\"og:locale\" content=\"es_ES\" \/>\n<meta property=\"og:type\" content=\"article\" \/>\n<meta property=\"og:title\" content=\"XEROX WC3655 - Venta de fotocopiadoras, impresoras y multifuncionales en Guatemala, toners y servicio t\u00e9cnico.\" \/>\n<meta property=\"og:description\" content=\"CARACTERISTICAS Fotocopiadora, Impresora, Esc\u00e1ner 47 copias por minuto Ampliaciones y Reducciones Full D\u00faplex Pantalla T\u00e1ctil Impresi\u00f3n desde Memoria USB (formato PDF, JPG) Esc\u00e1ner hacia memoria USB Copia de DPI Bandeja Principal para 550 hojas Bandeja de Bypass para 150 hojas Conexi\u00f3n en Red y USB Control de Usuarios Cristal tama\u00f1o Legal Resoluci\u00f3n 1200 * 1200 [&hellip;]\" \/>\n<meta property=\"og:url\" content=\"https:\/\/laserst.net\/sitio\/catalogo\/xerox-wc3655\/\" \/>\n<meta property=\"og:site_name\" content=\"Venta de fotocopiadoras, impresoras y multifuncionales en Guatemala, toners y servicio t\u00e9cnico.\" \/>\n<meta property=\"article:publisher\" content=\"https:\/\/www.facebook.com\/laserstguatemala\" \/>\n<meta property=\"article:modified_time\" content=\"2021-12-09T19:05:32+00:00\" \/>\n<meta property=\"og:image\" content=\"https:\/\/laserst.net\/sitio\/wp-content\/uploads\/2021\/11\/3655-1.png\" \/>\n\t<meta property=\"og:image:width\" content=\"427\" \/>\n\t<meta property=\"og:image:height\" content=\"414\" \/>\n\t<meta property=\"og:image:type\" content=\"image\/png\" \/>\n<meta name=\"twitter:label1\" content=\"Tiempo de lectura\" \/>\n\t<meta name=\"twitter:data1\" content=\"3 minutos\" \/>\n<script type=\"application\/ld+json\" class=\"yoast-schema-graph\">{\"@context\":\"https:\\\/\\\/schema.org\",\"@graph\":[{\"@type\":\"WebPage\",\"@id\":\"https:\\\/\\\/laserst.net\\\/sitio\\\/catalogo\\\/xerox-wc3655\\\/\",\"url\":\"https:\\\/\\\/laserst.net\\\/sitio\\\/catalogo\\\/xerox-wc3655\\\/\",\"name\":\"XEROX WC3655 - Venta de fotocopiadoras, impresoras y multifuncionales en Guatemala, toners y servicio t\u00e9cnico.\",\"isPartOf\":{\"@id\":\"https:\\\/\\\/laserst.net\\\/sitio\\\/#website\"},\"primaryImageOfPage\":{\"@id\":\"https:\\\/\\\/laserst.net\\\/sitio\\\/catalogo\\\/xerox-wc3655\\\/#primaryimage\"},\"image\":{\"@id\":\"https:\\\/\\\/laserst.net\\\/sitio\\\/catalogo\\\/xerox-wc3655\\\/#primaryimage\"},\"thumbnailUrl\":\"https:\\\/\\\/laserst.net\\\/sitio\\\/wp-content\\\/uploads\\\/2021\\\/11\\\/3655-1.png\",\"datePublished\":\"2020-09-23T16:54:14+00:00\",\"dateModified\":\"2021-12-09T19:05:32+00:00\",\"breadcrumb\":{\"@id\":\"https:\\\/\\\/laserst.net\\\/sitio\\\/catalogo\\\/xerox-wc3655\\\/#breadcrumb\"},\"inLanguage\":\"es\",\"potentialAction\":[{\"@type\":\"ReadAction\",\"target\":[\"https:\\\/\\\/laserst.net\\\/sitio\\\/catalogo\\\/xerox-wc3655\\\/\"]}]},{\"@type\":\"ImageObject\",\"inLanguage\":\"es\",\"@id\":\"https:\\\/\\\/laserst.net\\\/sitio\\\/catalogo\\\/xerox-wc3655\\\/#primaryimage\",\"url\":\"https:\\\/\\\/laserst.net\\\/sitio\\\/wp-content\\\/uploads\\\/2021\\\/11\\\/3655-1.png\",\"contentUrl\":\"https:\\\/\\\/laserst.net\\\/sitio\\\/wp-content\\\/uploads\\\/2021\\\/11\\\/3655-1.png\",\"width\":427,\"height\":414},{\"@type\":\"BreadcrumbList\",\"@id\":\"https:\\\/\\\/laserst.net\\\/sitio\\\/catalogo\\\/xerox-wc3655\\\/#breadcrumb\",\"itemListElement\":[{\"@type\":\"ListItem\",\"position\":1,\"name\":\"Cat\u00e1logo\",\"item\":\"https:\\\/\\\/laserst.net\\\/sitio\\\/catalogo\\\/\"},{\"@type\":\"ListItem\",\"position\":2,\"name\":\"XEROX WC3655\"}]},{\"@type\":\"WebSite\",\"@id\":\"https:\\\/\\\/laserst.net\\\/sitio\\\/#website\",\"url\":\"https:\\\/\\\/laserst.net\\\/sitio\\\/\",\"name\":\"Venta de fotocopiadoras, impresoras y multifuncionales en Guatemala, toners y servicio t\u00e9cnico.\",\"description\":\"Impresoras y Fotocopiadoras de Guatemala\",\"potentialAction\":[{\"@type\":\"SearchAction\",\"target\":{\"@type\":\"EntryPoint\",\"urlTemplate\":\"https:\\\/\\\/laserst.net\\\/sitio\\\/?s={search_term_string}\"},\"query-input\":{\"@type\":\"PropertyValueSpecification\",\"valueRequired\":true,\"valueName\":\"search_term_string\"}}],\"inLanguage\":\"es\"}]}<\/script>\n<!-- \/ Yoast SEO plugin. -->","yoast_head_json":{"title":"XEROX WC3655 - Venta de fotocopiadoras, impresoras y multifuncionales en Guatemala, toners y servicio t\u00e9cnico.","robots":{"index":"index","follow":"follow","max-snippet":"max-snippet:-1","max-image-preview":"max-image-preview:large","max-video-preview":"max-video-preview:-1"},"canonical":"https:\/\/laserst.net\/sitio\/catalogo\/xerox-wc3655\/","og_locale":"es_ES","og_type":"article","og_title":"XEROX WC3655 - Venta de fotocopiadoras, impresoras y multifuncionales en Guatemala, toners y servicio t\u00e9cnico.","og_description":"CARACTERISTICAS Fotocopiadora, Impresora, Esc\u00e1ner 47 copias por minuto Ampliaciones y Reducciones Full D\u00faplex Pantalla T\u00e1ctil Impresi\u00f3n desde Memoria USB (formato PDF, JPG) Esc\u00e1ner hacia memoria USB Copia de DPI Bandeja Principal para 550 hojas Bandeja de Bypass para 150 hojas Conexi\u00f3n en Red y USB Control de Usuarios Cristal tama\u00f1o Legal Resoluci\u00f3n 1200 * 1200 [&hellip;]","og_url":"https:\/\/laserst.net\/sitio\/catalogo\/xerox-wc3655\/","og_site_name":"Venta de fotocopiadoras, impresoras y multifuncionales en Guatemala, toners y servicio t\u00e9cnico.","article_publisher":"https:\/\/www.facebook.com\/laserstguatemala","article_modified_time":"2021-12-09T19:05:32+00:00","og_image":[{"width":427,"height":414,"url":"https:\/\/laserst.net\/sitio\/wp-content\/uploads\/2021\/11\/3655-1.png","type":"image\/png"}],"twitter_misc":{"Tiempo de lectura":"3 minutos"},"schema":{"@context":"https:\/\/schema.org","@graph":[{"@type":"WebPage","@id":"https:\/\/laserst.net\/sitio\/catalogo\/xerox-wc3655\/","url":"https:\/\/laserst.net\/sitio\/catalogo\/xerox-wc3655\/","name":"XEROX WC3655 - Venta de fotocopiadoras, impresoras y multifuncionales en Guatemala, toners y servicio t\u00e9cnico.","isPartOf":{"@id":"https:\/\/laserst.net\/sitio\/#website"},"primaryImageOfPage":{"@id":"https:\/\/laserst.net\/sitio\/catalogo\/xerox-wc3655\/#primaryimage"},"image":{"@id":"https:\/\/laserst.net\/sitio\/catalogo\/xerox-wc3655\/#primaryimage"},"thumbnailUrl":"https:\/\/laserst.net\/sitio\/wp-content\/uploads\/2021\/11\/3655-1.png","datePublished":"2020-09-23T16:54:14+00:00","dateModified":"2021-12-09T19:05:32+00:00","breadcrumb":{"@id":"https:\/\/laserst.net\/sitio\/catalogo\/xerox-wc3655\/#breadcrumb"},"inLanguage":"es","potentialAction":[{"@type":"ReadAction","target":["https:\/\/laserst.net\/sitio\/catalogo\/xerox-wc3655\/"]}]},{"@type":"ImageObject","inLanguage":"es","@id":"https:\/\/laserst.net\/sitio\/catalogo\/xerox-wc3655\/#primaryimage","url":"https:\/\/laserst.net\/sitio\/wp-content\/uploads\/2021\/11\/3655-1.png","contentUrl":"https:\/\/laserst.net\/sitio\/wp-content\/uploads\/2021\/11\/3655-1.png","width":427,"height":414},{"@type":"BreadcrumbList","@id":"https:\/\/laserst.net\/sitio\/catalogo\/xerox-wc3655\/#breadcrumb","itemListElement":[{"@type":"ListItem","position":1,"name":"Cat\u00e1logo","item":"https:\/\/laserst.net\/sitio\/catalogo\/"},{"@type":"ListItem","position":2,"name":"XEROX WC3655"}]},{"@type":"WebSite","@id":"https:\/\/laserst.net\/sitio\/#website","url":"https:\/\/laserst.net\/sitio\/","name":"Venta de fotocopiadoras, impresoras y multifuncionales en Guatemala, toners y servicio t\u00e9cnico.","description":"Impresoras y Fotocopiadoras de Guatemala","potentialAction":[{"@type":"SearchAction","target":{"@type":"EntryPoint","urlTemplate":"https:\/\/laserst.net\/sitio\/?s={search_term_string}"},"query-input":{"@type":"PropertyValueSpecification","valueRequired":true,"valueName":"search_term_string"}}],"inLanguage":"es"}]}},"_links":{"self":[{"href":"https:\/\/laserst.net\/sitio\/wp-json\/wp\/v2\/product\/1746","targetHints":{"allow":["GET"]}}],"collection":[{"href":"https:\/\/laserst.net\/sitio\/wp-json\/wp\/v2\/product"}],"about":[{"href":"https:\/\/laserst.net\/sitio\/wp-json\/wp\/v2\/types\/product"}],"replies":[{"embeddable":true,"href":"https:\/\/laserst.net\/sitio\/wp-json\/wp\/v2\/comments?post=1746"}],"wp:featuredmedia":[{"embeddable":true,"href":"https:\/\/laserst.net\/sitio\/wp-json\/wp\/v2\/media\/2212"}],"wp:attachment":[{"href":"https:\/\/laserst.net\/sitio\/wp-json\/wp\/v2\/media?parent=1746"}],"wp:term":[{"taxonomy":"product_brand","embeddable":true,"href":"https:\/\/laserst.net\/sitio\/wp-json\/wp\/v2\/product_brand?post=1746"},{"taxonomy":"product_cat","embeddable":true,"href":"https:\/\/laserst.net\/sitio\/wp-json\/wp\/v2\/product_cat?post=1746"},{"taxonomy":"product_tag","embeddable":true,"href":"https:\/\/laserst.net\/sitio\/wp-json\/wp\/v2\/product_tag?post=1746"}],"curies":[{"name":"wp","href":"https:\/\/api.w.org\/{rel}","templated":true}]}}